001?
-1001011010110
In base 8, what is 4524 - -22?
4546
In base 12, what is 40 - -4700?
4740
In base 15, what is d + 1ee5?
2003
In base 11, what is 20a7 + 2?
20a9
In base 11, what is 1 + 39a2?
39a3
In base 10, what is -2 + 139211?
139209
In base 7, what is -6 + -2444?
-2453
In base 12, what is -4b8092 + 2?
-4b8090
In base 12, what is 4 + -4574?
-4570
In base 6, what is 1040404 - -23?
1040431
In base 13, what is -13 - -b849?
b836
In base 12, what is -4 - -8599?
8595
In base 8, what is -142 + 6010?
5646
In base 16, what is 61fe + -1?
61fd
In base 7, what is -4 + -115266?
-115303
In base 9, what is -31718 - 0?
-31718
In base 10, what is 168712 - 2?
168710
In base 5, what is -2034 - -340?
-1144
In base 7, what is 26 - -164200?
164226
In base 16, what is -1c + 1ddb?
1dbf
In base 13, what is -13c87 - 4?
-13c8b
In base 8, what is 26 - 270?
-242
In base 9, what is -1064 + 2478?
1414
In base 8, what is -423520 + 10?
-423510
In base 14, what is 243 + b7?
31a
In base 11, what is 530a2 + 5?
530a7
In base 5, what is 4 - 211320211?
-211320202
In base 13, what is 2a + 21b2?
220c
In base 11, what is -3559 - -25?
-3534
In base 11, what is -24152 + -6?
-24158
In base 16, what is -68f + -b29?
-11b8
In base 2, what is -1001011 - 1010100?
-10011111
In base 10, what is -612355 + 2?
-612353
In base 5, what is -33 + 1000103?
1000020
In base 3, what is -2 + -121121121?
-121121200
In base 4, what is -10123 + 1002?
-3121
In base 11, what is -1 - -3282?
3281
In base 3, what is 2 - 112102111012?
-112102111010
In base 4, what is -21 - -10130011?
10123330
In base 14, what is -333 + a?
-327
In base 16, what is 7291 + 16?
72a7
In base 2, what is -111000110101000 - -10000?
-111000110011000
In base 6, what is -2323115 - -51?
-2323024
In base 7, what is -3 + -3116661?
-3116664
In base 16, what is 3e6 + 21?
407
In base 11, what is 14 + -14237?
-14223
In base 9, what is -1583 - 52?
-1645
In base 3, what is 22000111020 + -20?
22000111000
In base 7, what is 4320162 - 4?
4320155
In base 12, what is 103 + 267?
36a
In base 15, what is -895 + 6?
-88e
In base 15, what is -149 - -4bc?
373
In base 11, what is a26911 + 1?
a26912
In base 7, what is 22641 + -112?
22526
In base 15, what is ab6 + 9?
ac0
In base 15, what is -22e - 24?
-253
In base 13, what is -5180b - 2?
-51810
In base 14, what is -4363 + 8d?
-42b4
In base 16, what is 4 + 1421?
1425
In base 13, what is 369 - -593?
92c
In base 13, what is -2084 + -8c?
-2143
In base 4, what is -2020222 + 233?
-2013323
In base 15, what is -b - b40?
-b4b
In base 7, what is -12044 - 20?
-12064
In base 5, what is 4 + -1414133?
-1414124
In base 12, what is -3 + -68ba4?
-68ba7
In base 16, what is 0 + -621d?
-621d
In base 10, what is -287742 + -1?
-287743
In base 15, what is 1db5 + -1?
1db4
In base 9, what is -33 + -5113?
-5146
In base 3, what is 21 + 112200211?
112201002
In base 3, what is -10101121220 + 11?
-10101121202
In base 12, what is -12 - -1b75?
1b63
In base 15, what is -6274 - -41?
-6233
In base 7, what is 4334 - -343?
5010
In base 8, what is 112 + -13335?
-13223
In base 4, what is 120 + 1010330?
1011110
In base 11, what is 4 + 66aa98?
66aaa1
In base 14, what is 1 + -12555?
-12554
In base 5, what is -1123022 - 1?
-1123023
In base 3, what is 101 + 10212011?
10212112
In base 14, what is -2085 - 38?
-20bd
In base 10, what is -1974 - -5?
-1969
In base 11, what is 16 + -131?
-116
In base 5, what is 0 + 33243331?
33243331
In base 8, what is -72 + -21?
-113
In base 13, what is 9 - -549?
555
In base 7, what is 4154 - 11?
4143
In base 14, what is -a - -646d?
6463
In base 6, what is -322042 - 3?
-322045
In base 10, what is 517 + 1794?
2311
In base 9, what is 1612 + 14?
1626
In base 3, what is 10202122 - -121?
10210020
In base 16, what is 2 - 5939?
-5937
In base 9, what is -30 - -1310?
1270
In base 16, what is 24067 + 4?
2406b
In base 16, what is -4ff5 - 3c?
-5031
In base 4, what is -13010011 - 121?
-13010132
In base 2, what is -10101 - 1001100011001?
-1001100101110
In base 9, what is -435 + -3633?
-4168
In base 9, what is 815 - -767?
1683
In base 2, what is -1110011 - 1111?
-10000010
In base 4, what is -3023303003 + -11?
-3023303020
In base 16, what is 485e4 + 0?
485e4
In base 3, what is 10101011122 - -12?
10101011211
In base 4, what is 20003 - -31?
20100
In base 5, what is -141300 - 101?
-141401
In base 6, what is 0 + -542320?
-542320
In base 13, what is -211b + 6?
-2115
In base 12, what is 1b49 - 14?
1b35
In base 16, what is -b - 2761?
-276c
In base 7, what is 10322 - 2454?
4535
In base 4, what is 1130 + -202133?
-201003
In base 2, what is -110011110001100 - -11?
-110011110001001
In base 9, what is -1238721 - -3?
-1238717
In base 16, what is -1 + -2bc6?
-2bc7
In base 14, what is b0a54 + 5?
b0a59
In base 6, what is 5401 - -3230?
13031
In base 9, what is -47878 + 0?
-47878
In base 5, what is 1021334 - -131?
1022020
In base 10, what is 869563 + 3?
869566
In base 12, what is 2 + 153672?
153674
In base 11, what is -7 + 25285?
25279
In base 16, what is 264 - 33c?
-d8
In base 2, what is 1001 + -11100101010110000?
-11100101010100111
In base 7, what is -4 + 14443?
14436
In base 14, what is -13 + c75?
c62
In base 15, what is 50e0 - -c?
50ec
In base 3, what is -10 - 2222220012100?
-2222220012110
In base 14, what is b3c - 17?
b25
In base 16, what is -50 - -288?
238
In base 6, what is -2 + -2151241?
-2151243
In base 2, what is -10110010011100011 - -11?
-10110010011100000
In base 16, what is 3 - -b72?
b75
In base 7, what is 2665 - -2163?
5161
In base 8, what is 2 - -466?
470
In base 10, what is 2093 + 293?
2386
In base 6, what is 2 + -323055?
-323053
In base 14, what is -1a - -72c3?
72a7
In base 9, what is 14744 + 4?
14748
In base 8, what is 5 - -1226051?
1226056
In base 15, what is 33b4 - -4?
33b8
In base 9, what is 773 + 162?
1045
In base 13, what is cb + a64?
b62
In base 16, what is -211 + -11b?
-32c
In base 7, what is 1366 + 234?
1633
In base 10, what is 5129 - -15?
5144
In base 3, what is 0 + 2100101121?
2100101121
In base 5, what is -1232 - 41?
-1323
In base 13, what is c7 - 53?
74
In base 5, what is 1030233 + -121?
1030112
In base 15, what is 279 - 44?
235
In base 9, what is -8760 - 13?
-8773
In base 10, what is -459 - -89?
-370
In base 11, what is 382 - -15a4?
1976
In base 11, what is 4 + -13874?
-13870
In base 12, what is 3 - -822?
825
In base 2, what is 1001 - -10001111110101111?
10001111110111000
In base 3, what is -11121122211 + 12?
-11121122122
In base 14, what is -89807 - 1?
-89808
In base 6, what is -131113 + 0?
-131113
In base 14, what is 3bbdc + -13?
3bbc9
In base 10, what is 300441 + 1?
300442
In base 5, what is -42011 + 11?
-42000
In base 5, what is -123 + -1101?
-1224
In base 11, what is 23 - 137a16?
-1379a3
In base 12, what is 47 - 3b45?
-3aba
In base 7, what is -6 - 12531?
-12540
In base 5, what is -22 - 133442?
-134014
In base 9, what is -1 + 372?
371
In base 5, what is 2 + 300010?
300012
In base 12, what is -558b1 + 3?
-558aa
In base 9, what is 0 + 13454?
13454
In base 16, what is 4b - -a?
55
In base 11, what is -a4249 - 5?
-a4253
In base 14, what is -8 - -42241?
42237
In base 15, what is 2 - -55ae0?
55ae2
In base 8, what is -17750 - -1?
-17747
In base 3, what is 2 + -11110022012?
-11110022010
In base 10, what is 3100 + 333?
3433
In base 10, what is -7 - 671?
-678
In base 8, what is 66123 - 12?
66111
In base 12, what is 470b7 + 4?
470bb
In base 5, what is 14 + 424110?
424124
In base 16, what is -3 - 57cb?
-57ce
In base 11, what is 4 + -5a6a6?
-5a6a2
In base 9, what is 7 + 50806?
50814
In base 4, what is 13 + 102203001?
102203020
In base 16, what is -49fef + f?
-49fe0
In base 7, what is 244 + -101401?
-101124
In base 13, what is -4 - -16ab3?
16aac
In base 11, what is -6550118 + 3?
-6550115
In base 12, what is 0 - 604a8?
-604a8
In base 2, what is 101111111 + 10110?
110010101
In base 11, what is -244674 - 2?
-244676
In base 5, what is -300220 - -303?
-244412
In base 11, what is 2a - 1a70?
-1a41
In base 12, what is 5301 + 2b?
5330
In base 11, what is -37 - 645?
-681
In base 12, what is -559385 + 3?
-559382
In base 6, what is -532 - 5111?
-10043
In base 6, what is 5503 - 31340?
-21433
In base 8, what is -4 - -56736?
56732
In base 3, what is -10210 - 110022?
-121002
In base 2, what is 101 - 111000110100?
-111000101111
In base 4, what is 233 + 